 Suppose 9*z - 11*z - 3*s = -116, -2*z + 5*s = -116. What is the greatest common divisor of z and b?
58
Suppose 3*h - 20*p = 60, -5*h + 7*p + 100 = 4*p. What is the highest common factor of h and 1940?
20
Let o = 11 - 23. Let v be (-549)/(-15)*20/(-6). Let s be 2 - (v - o/3). What is the highest common factor of s and 30?
30
Let q be 2008/18 - 2*(3 - (-58)/(-18)). What is the highest common factor of q and 1708?
28
Let c be (-2 - 218)/((-6)/9). Let n = -5167 + 5200. Calculate the highest common divisor of n and c.
33
Let m be 2 + (5 - 264/2). Let r = 131 + m. Suppose -3*h + 3 = -3. Calculate the highest common divisor of r and h.
2
Let b = 42 + -18. Suppose -4*p - 21 = -37. Suppose -1958 = -p*i - 1926. Calculate the highest common factor of b and i.
8
Let g be (-13)/(-156) - (-1495)/60. Suppose 4*n = -0*y + 2*y + 12, 0 = 2*n + 4*y - 26. What is the highest common factor of g and n?
5
Let f be 395856/240 + 2*(-3)/15. What is the highest common factor of f and 291?
97
Suppose 2272*l = 2220*l + 5408. What is the highest common divisor of l and 56368?
104
Suppose -4*u - 15 = -91. Let t = 7 - -64. Let o = -14 + t. Calculate the greatest common divisor of u and o.
19
Suppose 4*v + 118 - 310 = 2*v. Calculate the highest common factor of v and 2352.
48
Suppose 240 = -840*p + 855*p. What is the greatest common factor of p and 5240?
8
Suppose 23*y - 25*y + 3*l + 1796 = 0, 5*y = 3*l + 4463. Calculate the greatest common factor of 14 and y.
7
Let x be 3 - ((-2)/1 - (-5 + 3)). Let g(p) = 0*p - 19 - 15 - x*p. Let j be g(-22). What is the highest common factor of 24 and j?
8
Let k(x) = -x**3 + x**2 + 89*x + 569. Let t be k(-7). What is the highest common divisor of 416 and t?
26
Let k = -34 + 49. Suppose -10*z - 83 = -233. Calculate the greatest common divisor of z and k.
15
Suppose 6*i = 921 + 195. Suppose -i - 24 = -3*o. Calculate the greatest common divisor of o and 56.
14
Let y be (-78)/104*1*4/(-3). Suppose -2 - 7 = -3*s. Suppose -s*i + i = -16. What is the highest common divisor of i and y?
1
Let x = -7660 - -8119. What is the greatest common factor of 1411 and x?
17
Let v(j) = -429*j - 20. Let t be v(-1). Let k be 2 + 4 + -1 + 2 + t. What is the greatest common divisor of k and 32?
32
Suppose -j + 612 + 32 = -4*w, -5*w = -2*j + 1285. Let k(n) = -79400*n - 555790. Let u be k(-7). What is the highest common factor of j and u?
10
Let x be (-3)/(-4 - -16)*-1*172. Suppose 192*y - 200*y = -688. What is the highest common divisor of x and y?
43
Suppose -25*k = 2*k + 4*k - 124775. What is the greatest common divisor of 100 and k?
25
Let d = -3087 - -3092. Suppose 15*m - 12*m - 270 = 0. What is the greatest common divisor of m and d?
5
Suppose 0 = -3*r + 6*x - 2*x + 161, 165 = 3*r - 3*x. Suppose r = 4*g - 3*k, 0*k + 5*k = -5. Let u = 237 - 167. Calculate the greatest common divisor of g and u.
14
Suppose -27*k = -31*k + 24. Let p = 2 + k. Suppose 3*w - p*w = -70. Calculate the greatest common divisor of w and 21.
7
Suppose -51548 = 27*y + 6*y - 59897. Calculate the greatest common divisor of 220 and y.
11
Let y be (1524/16)/(9/24). Suppose h - 632 = 5*q, y = -2*q + h - 0*h. Let c = -111 - q. What is the highest common factor of c and 195?
15
Suppose 0 = 1183*s - 1195*s + 1008. What is the greatest common divisor of 936 and s?
12
Let u be ((-4)/10)/(64/(-21120)). Suppose -137*m + u*m = -10. Calculate the highest common divisor of 202 and m.
2
Suppose -15 = d - 4*d. Let y(w) = 94*w + 11488. Let t be y(-122). What is the highest common divisor of d and t?
5
Let d = -5010 + 8488. What is the greatest common divisor of d and 74?
74
Let z be 344/(-1118) - (-547004)/52. Calculate the greatest common factor of z and 157.
157
Suppose 124*y - 420*y + 23673 = -89991. Calculate the highest common divisor of y and 24.
24
Let l = 10573 - 10444. Calculate the greatest common divisor of l and 1075.
43
Let z = -38132 + 38397. Calculate the greatest common factor of z and 5.
5
Suppose 3*y + 105 = 2*z, 0 = -40*z + 43*z + 4*y - 183. What is the greatest common factor of 48 and z?
3
Let n be (1 + 1)*1 + (20 - 13). Suppose n*k - 29*k + 720 = 0. Let w be ((-21)/(-2))/(k/24). Calculate the highest common factor of 112 and w.
7
Let b(m) = 2*m + 121. Let l be b(-4). Let o = l - 91. Calculate the highest common divisor of o and 121.
11
Suppose 0 = -40*a - 1034 - 566. Let w be a/16*124/(-5)*15. Calculate the highest common factor of 93 and w.
93
Let x = -149 + 153. Suppose -x*w + 528 = 4*q, -3*w + 669 = 2*w + 2*q. What is the highest common factor of w and 189?
27
Let j(a) = a**2 + 4*a - 13. Let i be j(-6). Let r be -3 - (3453/(-1) + i). Suppose p = -16*p + r. What is the highest common factor of 29 and p?
29
Let o be (-457 + -2)*((-3800)/60)/19. What is the highest common factor of o and 90?
90
Suppose n + p = 0, -3*p = 3*n - p - 3. Suppose 6*o + 2*k = n*o + 418, 3*k - 277 = -2*o. Calculate the greatest common factor of 40 and o.
20
Let o be 3 - (0 + (218 - -5)). Let n be (8/(-10))/(11/o). Calculate the highest common factor of 144 and n.
16
Suppose 7*s - 69 + 44 = 87. Calculate the highest common divisor of 604 and s.
4
Suppose 4*m = 381*g - 377*g + 28, -4*m + 5*g = -26. Calculate the highest common factor of 75 and m.
3
Suppose -m = -5*f + m - 347, -3*f - m = 217. Let h = -57 - f. Calculate the greatest common divisor of h and 7.
7
Suppose 2*b = 4*w - 34, -14*b = -9*b + 15. Let j be (-465)/(-51) - w*(-8)/(-476). Calculate the greatest common factor of j and 657.
9
Suppose -2*d + 8*g - 13*g = -2867, -7181 = -5*d + g. Calculate the greatest common factor of d and 32.
4
Let z = -169 + 246. Let h(w) = -52*w - 933. Let f be h(-19). Calculate the highest common divisor of z and f.
11
Let l(b) be the third derivative of b**6/120 + 19*b**5/60 - 43*b**4/24 - 7*b**3/3 - 111*b**2. Let c be l(-21). What is the highest common divisor of 707 and c?
7
Let g(w) = 6*w**2 + 396*w - 217. Let i be g(-67). Calculate the highest common divisor of i and 1184.
37
Let b be (2/6)/((-2)/(-42)). Suppose -6*u + 3*u + 112 = 5*u. What is the highest common factor of u and b?
7
Let p be 6*(-7)/105*-35. Let w(b) = -17*b - 7. Let o(f) = 2*f + 11. Let g be o(-9). Let l be w(g). What is the greatest common factor of p and l?
14
Let r = 1 - -4. Suppose -c - v + 0*v = -14, c = -4*v + r. Calculate the greatest common divisor of 646 and c.
17
Let q = 96 - 71. Suppose 0 = -18*s + q*s - 364. Calculate the greatest common divisor of s and 208.
52
Suppose -7*i + 820 = 2444. Let o = i - -258. What is the greatest common divisor of 403 and o?
13
Suppose -5*h + 40*n + 13304 = 37*n, 5*n = -3*h + 7996. What is the highest common factor of 1089 and h?
121
Let f(c) = -7*c**3 + 3*c**2 - 4*c - 10. Let p be f(-4). What is the greatest common factor of p and 4?
2
Suppose 90*g + 15139 = 71389. Suppose 3*h = -2*a + 11, 5*a + 25 = 4*h - h. Calculate the greatest common factor of g and h.
5
Let k(s) = -11*s**2 - 68*s + 32. Let j be k(-6). Let q be -60*((-57)/(-12) - 4). Let n = q - -89. What is the greatest common divisor of n and j?
44
Let k(t) = -t**2 + 109*t - 130. Let v be k(79). Calculate the greatest common factor of 32 and v.
32
Let a = 5217 + -5027. Calculate the highest common divisor of a and 4142.
38
Let v be (-1*5/15)/(17/(-1989)). Calculate the greatest common divisor of 481 and v.
13
Suppose 135*y = 101*y + 1700. What is the greatest common factor of 1350 and y?
50
Suppose -4*y + 3*t = -256, 8*y + 5*t = 10*y - 142. Calculate the highest common divisor of y and 7.
1
Let t be 8/(((-114)/(-9) + -13)*(-3)/2). What is the highest common factor of t and 3448?
8
Let q = -3570 + 3647. Calculate the greatest common divisor of q and 9471.
77
Let q be 156 - 2 - (16 - 32). Calculate the highest common factor of 100 and q.
10
Let n = -519 + 305. Let v = 8 - n. What is the greatest common factor of 6 and v?
6
Let m = -51 - -86. Suppose m*t - 32*t = 12. Suppose 5*v = 5*w - 60 - 35, 3*w + t*v - 22 = 0. What is the greatest common divisor of w and 63?
7
Let p = 35 - 38. Let r be (p/3)/(3/21). Let y be (1 + -5 - r) + 8. What is the highest common divisor of 33 and y?
11
Let s(j) = 4*j**2 + 5*j - 14. Let h be s(2). Let y(g) = -3*g + 4 - 8 + 2*g + h*g**2 + 3. Let f be y(-1). What is the highest common factor of 156 and f?
12
Let q be -14 - (-1